on factor of j and 208.
13
Let j = 405 + -9. Suppose o - 27 - 17 = 0. Calculate the highest common divisor of j and o.
44
Suppose 1884 = 6*g - 2*g. Suppose v - 5*d = -295, 3*v + 579 = 2*d - 306. Let c = g + v. What is the greatest common divisor of 16 and c?
16
Let q(o) = -9*o + 53. Suppose -28 = -8*g - 84. Let r be q(g). Calculate the highest common factor of 20 and r.
4
Let v = 15941 - 15715. What is the greatest common factor of v and 9153?
113
Let h(p) = -p**3 + 8*p**2 + 6*p - 12. Let b be h(6). Suppose 54 = 3*d - b. What is the greatest common factor of 30 and d?
10
Let h be 507/78*3*2. Let j = -6 + 55. Let b = j - h. Calculate the highest common divisor of b and 40.
10
Suppose 6*f - 9774 = -1392. Calculate the greatest common divisor of f and 33.
11
Let p(d) = d**3 - 12*d**2 - 14*d - 44. Let k be p(13). Let w = 64 + k. What is the greatest common divisor of w and 119?
7
Let p be (-8 + -3)/(3/6). Let z = p + 38. Suppose -s + 46 = -g, -5*g = -3*g - 4. What is the greatest common factor of s and z?
16
Let m(b) = -14*b. Let i be m(4). Let s = -48 - i. Let v(p) = 5*p**2 - 19*p - 3. Let c be v(s). What is the highest common factor of c and 15?
15
Suppose -4*w = 12, -905*d + 21 = -904*d - 2*w. Calculate the highest common divisor of d and 1190.
5
Suppose 5*h + 2*j - 110 = 0, 3*h + 0*h - 82 = 2*j. Let r(d) = -8*d - 3. Let x be r(2). Let g = h + x. What is the greatest common divisor of g and 2?
1
Let c be (5 - ((2 + -6)*-1 + 1)) + 36. What is the greatest common divisor of c and 729?
9
Let y be (1 + 1)*26/(-4). Let p = y - -27. Calculate the highest common divisor of 14 and p.
14
Let k = 54 + 66. Let f(x) = 5*x - 45. Suppose -3*d - b = b - 65, -3*d + b = -80. Let l be f(d). Calculate the greatest common factor of l and k.
40
Suppose 3 + 3 = 2*r. Let p be -26*(0 - -2 - r). Suppose p*h + 200 = 28*h. Calculate the greatest common divisor of 20 and h.
20
Suppose 1507 = 40*c - 1093. Calculate the greatest common divisor of c and 1950.
65
Suppose h - w - 4 = -6*w, -h + 8 = w. Suppose h*a - 145 = -28. Suppose 0 = -8*v + a + 11. Calculate the highest common divisor of v and 60.
3
Let c(d) = d**2 + 3*d - 22. Let t be c(-13). Calculate the greatest common factor of 13176 and t.
108
Let p(w) = -4*w**2 - 185*w + 90. Let h be p(-45). Calculate the highest common factor of 2115 and h.
45
Suppose 4*v + 156 - 124 - 536 = 0. What is the highest common divisor of v and 243?
9
Let k = -3350 - -3458. What is the greatest common factor of k and 594?
54
Let x be 6*(4 + 6/12). Suppose 342 = 4*p - 2*p. What is the greatest common factor of p and x?
9
Let d be ((-5 - 2) + -1)/((-22)/99). Suppose -5*h = 4*z - 103 - 7, 3*z = -h + 33. Calculate the highest common divisor of h and d.
18
Let j be 22 - -7*56/(-98). Suppose 2*p - 13 = 2*t + 7*p, p = 2*t - 17. Calculate the greatest common factor of t and j.
6
Suppose -4*h - 3*y + 404 = 0, -48*y = -4*h - 50*y + 400. Calculate the highest common divisor of 2954 and h.
14
Let b = -62 - -139. Let g(n) = -5*n**3 - 3*n**2 - n - 12. Let q be g(-3). Let d = q + -88. Calculate the greatest common divisor of d and b.
11
Let w(d) = -106*d + 4468. Let j be w(42). Let u = 326 - -202. Calculate the highest common divisor of j and u.
16
Let p = 19 + 191. Let u be 25 + -27 + ((-1)/1 - -42). Suppose -z + 3*b = -3*z + u, 4*z = -5*b + 79. Calculate the greatest common factor of z and p.
21
Suppose -p + 1958*k = 1956*k - 15, 0 = -5*p + 3*k + 103. Suppose -705 + 2380 = q - 4*o, 0 = 4*q - o - 6715. Calculate the highest common factor of q and p.
23
Suppose 0 = 11*k + 2*k - 39. Suppose 5*q - 176 = k*q - o, -q - 5*o = -97. Suppose 6*i - q = 129. Calculate the greatest common factor of i and 18.
18
Let m = -11 - -16. Suppose -18 - 6 = 24*o. Let s be ((-4)/o)/(-4)*(2 - 3). What is the highest common factor of m and s?
1
Let d(x) = 17*x**3 + 0*x**2 - x - 16*x**3 - 3*x**2 - 4 + 28. Let i be d(4). What is the highest common factor of 171 and i?
9
Suppose -3*m - 4*o + 10228 = 0, -14*o = -17*o + 12. What is the highest common factor of 161 and m?
23
Let x = 5 - 1. Suppose 2*h - 287*y = -283*y + 160, 0 = 2*h - y - 166. Calculate the highest common factor of x and h.
4
Suppose -12*a = -567 - 393. Calculate the highest common factor of 1000 and a.
40
Suppose 40*o + 2880 = 48*o. Let r = 446 - o. Calculate the highest common divisor of r and 2.
2
Suppose 2*a = 2*s + 300, -4*s - 156 = -9*a + 8*a. Let n = 150 - a. What is the greatest common factor of 4 and n?
2
Suppose 0 = h + 2, 3*v + 5*h - 10 = 5*v. Let i be (-685)/v - (-9)/(-18). Calculate the highest common divisor of i and 8.
4
Suppose -3362*f - 2304 = -3394*f. Calculate the greatest common divisor of 5247 and f.
9
Let l(x) = 51*x - 333. Let k be l(7). Suppose -137 = -3*f + 1195. Calculate the highest common divisor of f and k.
12
Let k be (2/3)/((-385)/(-126) + -3). Let z = -693 - -702. What is the highest common divisor of k and z?
3
Let i(x) = -x**2 + 26*x - 5. Let m be i(-3). Let o = 101 + m. Calculate the greatest common divisor of 99 and o.
9
Let g = 9 - 6. Suppose 0*c + 45 = g*c. Suppose 30*w - 780 = -330. Calculate the highest common divisor of c and w.
15
Let t(j) = -17*j - 36 - 38*j + 10*j - 53 - j**2. Let m be t(-19). Calculate the greatest common divisor of 30 and m.
15
Let h be -4 - (-10 - -21) - -24. Calculate the highest common divisor of h and 19017.
9
Let h = 145 - 131. Suppose 0 = -2*q - v + 222, 6*q - q - v = 562. What is the greatest common divisor of h and q?
14
Let j be 24/((-8)/(10560/(-72))). What is the greatest common factor of j and 55?
55
Let z be (-18)/(-63) - (7552/(-28) - -4). Let a be (z/(-105))/(-19) + 3296/30. Calculate the highest common factor of 44 and a.
22
Suppose 5*f - 5*f = -12*f + 1140. What is the highest common factor of 760 and f?
95
Suppose -21*v + 337 + 1679 = 0. What is the greatest common factor of v and 7008?
96
Let r(z) = -49*z**3 - 7*z**2 + 21*z + 67. Let l be r(-3). Calculate the greatest common divisor of 79 and l.
79
Suppose -8*g - 13*g + 856 = -3302. Let y be (1 - -4) + -4 - -8. What is the greatest common divisor of g and y?
9
Suppose -1186*p = -1447*p + 1982817. Calculate the highest common divisor of p and 71.
71
Suppose -3776 - 22 = -18*t. Let i = t + -198. What is the highest common factor of 585 and i?
13
Suppose -2*i + 417 = -s + 161, -134 = -i + 2*s. Calculate the highest common factor of i and 13062.
42
Let q be 779380/855 - ((-2)/(-9) + (-6)/9). Calculate the highest common factor of 336 and q.
48
Let m(q) = -q**3 - 5*q**2 - 12*q - 18. Let a be m(-4). Let x be (-1)/((a/24)/(-7)). Calculate the greatest common factor of x and 108.
12
Let b(v) = v**3 - 14*v**2 + v + 34. Let s be ((-4)/10)/(-2) + (-138)/(-10). Let k be b(s). What is the highest common factor of 6 and k?
6
Suppose -118*q = -33*q - 123760. Calculate the greatest common divisor of q and 182.
182
Let k be (-7 + 8)*13 - -23. Calculate the greatest common factor of k and 261.
9
Let n = 7 - 3. Suppose -2*k = n*k - 222. Let h = 62 - k. Calculate the highest common factor of h and 10.
5
Let g(h) = 22*h - 892. Let i be g(42). What is the greatest common factor of 28256 and i?
32
Let q = -5342 + 5901. What is the highest common divisor of 129 and q?
43
Suppose 4*y - 2*y = 4. Suppose -1 + 25 = y*p. Let a(h) = 5*h**3 - 101*h**2 + 20*h + 84. Let v be a(20). Calculate the greatest common factor of p and v.
12
Let f be (1 + -65)*3*(-203)/28. Suppose 10*x = f + 1798. What is the greatest common factor of 11 and x?
11
Suppose -50*c + 15*c = -105. Calculate the greatest common divisor of c and 73.
1
Let d(b) = -b**3 + 16*b**2 + 16*b + 99. Let y be d(16). Let i = y - 165. What is the highest common factor of i and 10?
10
Suppose -19*m + 3120 = 5*r - 18*m, -3*m = 2*r - 1261. Calculate the greatest common factor of r and 7.
7
Let j = 16 + 4. Let m be (648/(-48))/(6/4*-1). Suppose -668 + 128 = -m*a. Calculate the highest common factor of a and j.
20
Let a = -17703 - -20338. Calculate the highest common divisor of a and 680.
85
Let m = -103 - -113. Let p(g) = g**2 - 10*g + 38. Let x be p(m). Calculate the greatest common divisor of 38 and x.
38
Let n be (-2840)/64 + 9/24. Let v be n/198 + 5271/27. What is the greatest common divisor of v and 30?
15
Let p be 1/(-14 + 6 - -7)*-6. Calculate the greate